2*l + 5*c, -5*l + 27 = 2*c - c. Suppose -3*k + 2*t + 621 = 0, -8*k + 1010 = -3*k + l*t. Is k a composite number?
True
Let q = 12 - 11. Is (248 - 6/(-2))/q a composite number?
False
Let q = 681 - 294. Suppose v + v = -5*j + 1979, j - 4*v = q. Is j a prime number?
False
Let t be 195/(-3) + (0 - 0). Let x = 134 + t. Is x a composite number?
True
Let n(b) = b**2 - b - 1. Let m be n(3). Suppose 5*l = -t + 16 - 5, -5 = -m*t. Is ((-1)/l)/(8/(-528)) a prime number?
False
Let o be ((-30)/(-8))/(3/8). Suppose 0 = -5*r + v + 177, 0 = 2*v + 3*v + o. Is r composite?
True
Let w be (-2)/3 + 2636/12. Let x = 406 - w. Is x a composite number?
True
Let o(l) = 0 - 1 + 0 + 3*l**2 + 0 - 5*l. Is o(6) prime?
False
Let o = -132 - -295. Is o prime?
True
Suppose -1162 = -w + 3*c, -c = 5*w - 2*c - 5852. Is w a composite number?
False
Let q = 19 + -27. Let a(z) = z**3 + 8*z**2 + 3. Let x be a(q). Suppose x*c - 105 = -0*c. Is c composite?
True
Let i = 372 + -261. Is i composite?
True
Let g be ((-10)/(-8))/(2/8). Suppose -3*s + g*s = 4, -3*w + 4*s = -49. Is w composite?
False
Suppose -4*f + 3556 = -4*w, 0 = -2*f + 4*f + 2*w - 1770. Is f prime?
True
Suppose 4*t - 3*t + 6 = -2*r, -r + 4*t = -6. Let z = r - -105. Suppose 5*y - 2*y = 5*w + 107, 0 = -3*y + w + z. Is y composite?
True
Is 24964/10 + (-42)/(-70) a composite number?
True
Suppose -4*a + 656 - 13472 = 0. Is 5/(-2)*a/30 a prime number?
False
Let s = 436 - 133. Is s prime?
False
Let i = 744 + 407. Is i a composite number?
False
Suppose 0 = 8*r - 5*r - 15. Suppose -t + r*t = 44. Is t a composite number?
False
Let d(r) = r**3 + 0*r**3 - r**2 + 0*r**2 + r + 2*r. Let t be d(4). Suppose i + 3*g - 5 - t = 0, 4*i - 2*g - 204 = 0. Is i prime?
True
Suppose 4*g - 651 - 193 = 0. Is g a composite number?
False
Let y be -2 - -3 - (2 - -1). Let t be 6*20/(-3)*y. Suppose 3*l - t = l + 2*j, 5*l - 3*j = 190. Is l a composite number?
True
Let r(h) be the third derivative of h**5/60 - h**4/12 + h**3/3 - h**2. Is r(-7) a composite number?
True
Suppose 0 = -2*r + h + 1201, 3*r - 1764 = -3*h + 33. Suppose -6*b + b = -4*x + 606, 0 = 4*x - 2*b - r. Is x composite?
False
Suppose 5*w = 4*d - 73, -2*d - 2*d = w - 43. Let u be d/7 - (-10)/35. Is 0 + u + (47 - 0) a prime number?
False
Suppose -5*t + 4 = -3*t. Let m be (12/16)/(t/8). Suppose 3*a = m*l - 402, 5*l - 720 + 68 = -a. Is l a composite number?
False
Let x(u) be the first derivative of -u**4/4 + 2*u**3 - 5*u**2/2 + 2*u + 4. Let g be x(5). Suppose g*o - 286 = -0*o. Is o prime?
False
Let v be -4 - (4 - 10)*1. Suppose v*w = -4*n + 16, 0*w = -2*n + w. Is n a composite number?
False
Let p(s) = 254*s + 21. Is p(7) a composite number?
True
Let z(r) = 5*r**3 + 0 + 0*r**3 - 4*r**3 - 3*r - 2. Let q be z(-2). Is ((-14)/q - 3)*102 prime?
False
Suppose -3*w + 96 = -q + 28, -2*w + 47 = -q. Is w a prime number?
False
Let d = 2037 + -1115. Is d a prime number?
False
Is (-508)/(-7 - -3)*1 a composite number?
False
Let t(m) = -1. Let s(z) = -2*z + 7. Let d(j) = -s(j) - 4*t(j). Let a be d(3). Suppose -k - 4 + 27 = -2*l, 0 = a*k + 4*l - 69. Is k prime?
True
Let g be (-175)/(-2)*64/(-40). Let i = 26 + g. Is (-1)/(1 - i/(-111)) a composite number?
False
Suppose 4*y + 4 = -8, 5*t = 2*y + 76. Suppose -4*x + 2*x + t = 0. Is x composite?
False
Let m(l) = 7*l**2 + l - 6. Let a be m(-8). Suppose x + 2*d - d = a, 419 = x - 4*d. Is x composite?
False
Let d = -845 + 1486. Let f be d/9 + (-2)/9. Let t = f + 6. Is t a prime number?
False
Suppose 2*m = 6*m. Suppose 4*z - u - 33 - 54 = 0, m = z - 2*u - 13. Is z a prime number?
True
Suppose -y - 4 = -2*y. Suppose 0 = -n - y + 6. Suppose 2*z + n*v - 18 = 38, -3*v = -2*z + 41. Is z prime?
False
Let n = 417 + -268. Is n composite?
False
Let o(a) = 120*a**3 + a**2 - a + 1. Is o(1) composite?
True
Let w = -14 + 16. Suppose 0 = -c - w*c + 255. Is c prime?
False
Suppose -5*a - a = 120. Is a/10 - (1 + -58) a composite number?
True
Let p = 93 + -130. Let v = 18 - p. Is v a composite number?
True
Let g(x) = -8*x**3 + 12*x**2 + 4*x - 7. Is g(-6) a prime number?
True
Suppose 2*k = -3*m + 3 + 1, 0 = -4*m. Is 322 + 4/k + -1 a composite number?
True
Let q(t) = t**3 + 2*t**2 + 3*t - 3. Suppose 0 = 3*j + 2*o + 20, -j - o - o = 8. Let k be 1/(-1*3/j). Is q(k) composite?
False
Suppose 4*a = -2146 - 530. Is (10/15)/((-2)/a) a prime number?
True
Suppose 72*q - 75*q = -9411. Is q composite?
False
Let l be -6*(6/(-4) - 0). Let q = l - -5. Let d = 5 + q. Is d prime?
True
Let k = 239 + -86. Let j = k - -200. Is j a prime number?
True
Let l = 2 + 1. Suppose h + 5*s - 4 = 79, -199 = -l*h - 5*s. Is h prime?
False
Let j(b) = 23*b + 3. Is j(10) a composite number?
False
Suppose 19 = 5*m - 311. Suppose 0*o - 3*o + m = 0. Is o a composite number?
True
Let h(f) = 2*f**2 + f. Let t be (-21)/9 - (-4)/(-6). Let i be h(t). Suppose -o - l - 4*l = 2, 0 = -5*l - i. Is o a prime number?
True
Suppose o + 1310 = -4*h, -4*h + o + 72 = 1378. Let g = h + 521. Is g a composite number?
True
Is 3/6 + (-710)/(-4) prime?
False
Suppose 2 = -x + 4. Suppose -5*p + x*j + 70 = -0*j, 4*j = 5*p - 60. Suppose -p = -5*o - 1. Is o composite?
False
Let y be ((-4)/10)/(1/(-85)). Let w = y + -19. Is 69/9*1*w a composite number?
True
Let x(v) = -v**3 - 5*v**2 - 2*v + 4. Let g be x(-4). Suppose 0*m + 5*m - 135 = 0. Let c = m + g. Is c prime?
True
Suppose -5*v = 15, 2*q = -5*v - 14 + 5. Suppose -9 = 4*l + 2*b - q, 0 = -2*l - 3*b - 1. Is 1/(-2)*7*l composite?
False
Let m(h) = -h**2 + 131. Let f(w) = -w**3 + w. Let p = -3 - -2. Let g be f(p). Is m(g) a composite number?
False
Let k(o) be the third derivative of 0*o - 1/12*o**4 + 1/15*o**5 + 0 - 1/6*o**3 + o**2. Is k(4) composite?
True
Let y = 1047 + -506. Is y a composite number?
False
Suppose 2*z - 1923 = 5*p, -p + 3837 = 4*z - 2*p. Is z prime?
False
Let q(n) = -8*n - 5. Let v(t) = t + 1. Let z(s) = q(s) + 6*v(s). Let i be z(-1). Suppose -3*r = -0*d + 5*d - 107, -2*r - i*d + 72 = 0. Is r a composite number?
True
Let f(w) = 6*w - 1. Let m be f(2). Is (-2)/m - 7252/(-77) a composite number?
True
Let r = -13 - -818. Suppose -6*s = -s - r. Is s a composite number?
True
Let u be ((-78)/4)/((-3)/6). Let f = u - 26. Is f a composite number?
False
Suppose 10*b = 7*b + 867. Is b a composite number?
True
Suppose 0 = 4*o - 2*w + 4*w - 1356, -3*w - 1717 = -5*o. Suppose -o = -2*c + 105. Is c prime?
True
Let m(g) = -304*g**3 - 2*g - 1. Is m(-1) a composite number?
True
Let b(d) = 2*d - 6. Let n be b(5). Suppose -4*t = -g + 3 + n, -3*t - 15 = -4*g. Suppose -155 = -g*j + 16. Is j a prime number?
False
Let g(u) = -u**2 + u + 2. Let t be g(0). Is 1/t*14*37 prime?
False
Let t(m) = m**3 + 10*m**2 + 8*m - 4. Let u be t(-9). Suppose -j - u*q + 82 = 0, -j - 4*q + 30 = -53. Let v = j - 52. Is v a prime number?
False
Suppose -1887 = -5*q - 2*n, 0 = 4*q - 3*n - n - 1532. Is q composite?
False
Suppose 0 = -4*q + 45 + 175. Is 11615/q - 6/33 a composite number?
False
Let l(n) = -173*n + 2. Is l(-3) a composite number?
False
Suppose -k + 21 = 2*k + 3*a, 3*k - 5 = a. Let v be (2 - 4)/(k/(-21)). Is -1*2/((-4)/v) a composite number?
False
Let b(w) = -2*w - 9. Let f be b(-6). Let c(r) be the third derivative of r**5/15 - r**4/8 - r**3/6 + r**2. Is c(f) a prime number?
False
Let g be 2/5*475/1. Suppose -4*r = r - g. Is (r - (-6)/3) + -1 composite?
True
Let g(x) = 4*x**3 + x - 1. Let t be g(1). Suppose 4*o - 2*j = 3*j + 316, 0 = 5*o - t*j - 395. Is o prime?
True
Let s be (-10)/(-15) - 4/(-3). Suppose s*m - 15 = -y + 4*m, 0 = 3*y - 4*m - 37. Is y composite?
False
Suppose v - 37 = -3*x, 5*v - 2*v = -5*x + 63. Is (8/x)/((-4)/(-1410)) a prime number?
False
Let h(c) = -47*c - 5. Is h(-2) a composite number?
False
Let o = 7 - 19. Let z = 131 + o. Is z a composite number?
True
Let n = 560 + -141. Is n a composite number?
False
Suppose -4*i - 121 + 3 = -2*g, i + 58 = g. Let l = -38 + g. Is l a prime number?
True
Suppose 3*c + 5*y = -1544, 255 = -2*c + y - 757. Let i = c + 1269. Is i composite?
False
Is 2/(-3)*108168/(-16) prime?
True
Let d = -32 - -513. Is d a composite number?
True
Let o be (-58)/(-18) - 4/18. Is o/1*(1 + 22) a prime number?
False
Let n(q) = -10*q - 1. Suppose -2*k - 16 = -6*k. Suppose 0 = -3*a - k - 2. Is n(a) composite?
False
Suppose -60 = 2*g - 4*q - 598, 4*g + 3*q - 1021 = 0. Is g prime?
False
Let l(j) = -2*